ose 3*u + 2 = 8, -12 = -2*t - u. Suppose 2*s + j + 7 = 3*s, -5*s = j - t. Give o(s).
5
Let o = 13 - 11. Let p(d) = -48*d**3 - 3*d - d**2 + o + 49*d**3 + 2*d**2. Let s(j) = -j - 2. Let i be s(-4). Give p(i).
8
Let o be (-5 - -8) + 2*-3. Let y(d) = 9*d**3 - 2*d + 3. Let z(l) = 17*l**3 - 3*l + 5. Let s(g) = o*z(g) + 5*y(g). Calculate s(-1).
7
Let y(f) = f**3 - f**2 - 5*f - 8. Let h(n) = -n**3 + n**2 + 6*n + 8. Let l(w) = -5*h(w) - 6*y(w). Let b = 370 + -370. Determine l(b).
8
Let y(z) be the second derivative of -5*z**3/6 + 2*z. Let r = 18 - 9. Let d = -8 + r. Calculate y(d).
-5
Let u be 1 + (-2)/(4/14). Let i be 3/2 - u/12. Suppose -4*s + 3*s + j = 6, -2*s - 3*j - i = 0. Let l(g) = -g**3 - 6*g**2 - 6*g - 2. Determine l(s).
-10
Let r(b) be the first derivative of -5*b**2/2 - 10. Give r(-1).
5
Let l(x) = -3*x**2 + 2*x + 1. Suppose -7*y + 3*y + 28 = 0. Let u(j) = -j**3 + j + 5*j + j - 1 + 6*j**2. Let g be u(y). Give l(g).
-4
Suppose 5*w - 2*i = -41, -i + 2*i - 24 = 3*w. Let a = w + 1. Let r(n) = 17*n + 10. Let y(j) = -8*j - 5. Let v(h) = 6*r(h) + 13*y(h). Give v(a).
7
Let g = -7 - -11. Let s(y) = g + 2*y**2 + 2*y**2 - y**2 + y**3. Calculate s(-3).
4
Let i(y) = 2*y**2 - 3*y + 2. Let s be 26/7 - (-18)/63. Suppose -s*p + 5 = -3. Give i(p).
4
Let o(a) = -15*a**3 - a + 7 + 14*a**3 - 1 - 7*a**2. Determine o(-6).
-24
Let o be 4 + -9 + 1*2. Let x(j) be the third derivative of j**5/60 + j**4/12 - j**3/2 - 2*j**2. Determine x(o).
0
Let m(v) = -7*v**3 + 8*v**2 - 2*v - 4. Let j(i) = -8*i**3 + 9*i**2 - 3*i - 5. Let o(h) = -6*j(h) + 7*m(h). Determine o(-2).
10
Suppose -a = 2*o - 0 - 1, -4 = -5*o - a. Let c(g) = 2*g + o - 7*g + 6*g. What is c(4)?
5
Let v(k) = -8 + 4*k**2 - 5*k + 20 + k**3 - 9. Give v(-5).
3
Let r(u) be the first derivative of 22*u**3/3 + 3. Let c be r(1). Suppose 2*y + y - c = 5*n, 0 = -y - 2*n. Let m(g) = g**3 - 5*g**2 + 5*g + 2. Calculate m(y).
6
Suppose 5*r = -2*f - 15, 0 = 2*f - 6*r + 2*r - 12. Let l(s) be the first derivative of s**4/4 - s**3/3 + 18*s - 1. What is l(f)?
18
Let b be 135/30 - (-2)/(-4). Let i(g) be the first derivative of 2*g**2 - 1/3*g**3 - 2 + 4*g. Determine i(b).
4
Let l be (-2)/(3/(60/16))*-2. Let c(r) = -r**2 + 6*r - 6. Determine c(l).
-1
Let b(d) = 3*d - 20. Let a be b(7). Let g(n) = 2*n**2 - n + 1. Determine g(a).
2
Let x(d) = -2*d + 3. Let r(q) = -4*q + 6. Let w(z) = -4*r(z) + 9*x(z). Let o be ((-2)/3)/((-36)/(-162)). Determine w(o).
9
Let z(t) = t**3 + 5*t**2 - t + 1. Let y be z(-5). Suppose -3*k = -y*k - 12. Let n(w) = -3*w + 2 - 3 + 4*w + 6. What is n(k)?
1
Let j(k) = 4*k + 3 - 3. Let l(b) = b + 4. Let w be l(-5). Give j(w).
-4
Let q(a) = 7*a**3 + 8*a**2 + 4*a - 7. Let k(m) = -3*m**3 - 4*m**2 - 2*m + 3. Let c(j) = 9*k(j) + 4*q(j). Suppose 15 = -5*p, 2*b - 5*p + 5 = 7*b. Calculate c(b).
-9
Let b(a) = a**2 + a - 3. Let x = -11 - -7. Let j be 0/((-2)/x*-2). Determine b(j).
-3
Let o(j) = 13*j + 1. Let v(u) = 7*u + 1. Suppose 5 = 2*l + 27. Let n(w) = l*v(w) + 6*o(w). Let a be 2/(-8) + 2/8. Give n(a).
-5
Let i be (3/6)/((-3)/30). Let a be (2/2)/(i/(-25)). Let j(b) = -b**2 + 6*b - 1. What is j(a)?
4
Suppose -5*c = -3*r + 15 - 39, c - 3*r = 12. Let m be 32/12 + 1/c. Let y(t) = -7*t**2 + 2*t - 2. Let d(a) = -a**2. Let b(k) = -6*d(k) + y(k). Determine b(m).
-5
Let x be 6/(-4) + (-1)/(-2). Let n(a) = 1. Let u(l) be the third derivative of -l**4/4 + l**3 - 5*l**2. Let p(r) = 6*n(r) - u(r). Determine p(x).
-6
Let s(h) = h**2 - h - 3. Suppose -76 = 14*j - 20. Calculate s(j).
17
Suppose -a - 12 = -5*a. Let z(j) be the first derivative of 1/3*j**3 - 3*j - 1/2*j**2 - 3. What is z(a)?
3
Suppose -3*p = -0*p + 2*y - 30, 5*p - 50 = -3*y. Let a(d) = -d - p + 3 - 3. Suppose 4*r = -15 - 5. Calculate a(r).
-5
Let n(a) = -a**2 - a + 4*a + a. Suppose -1 = l - 0. Let k(b) = 3*b**2 + 2*b + 1. Let v be k(l). What is n(v)?
4
Let l(h) = -3*h + 3. Suppose 0 = 2*q - q. Suppose -2*s + 6 + 0 = -w, -w - 5*s + 22 = q. Determine l(w).
-3
Let o = 14 - 17. Let u(j) = -j - 4. Give u(o).
-1
Let z = -4 - 20. Let r be (10/(-8))/((-6)/z). Let c(v) = 3 + 5*v + v**2 - 2 - v. Calculate c(r).
6
Let f(p) be the first derivative of p**4/24 + p**3/6 + 3*p**2/2 - 1. Let z(k) be the second derivative of f(k). Determine z(-2).
-1
Let d(l) = 1. Let f(v) = v + 9. Let z(c) = 3*d(c) - f(c). Give z(-5).
-1
Suppose 2 = -c - 1. Let g(n) = -5*n + 0*n + 1 + 0*n**2 - n**2. What is g(c)?
7
Let d(q) be the first derivative of -q**4/4 + q**3/3 - q**2/2 - 5*q + 41. Calculate d(0).
-5
Let f be 0*(12/(-4))/6. Let u(b) be the second derivative of 5/12*b**4 + 2*b**2 + b**3 + f + 2*b + 1/20*b**5. Give u(-4).
-4
Suppose -t = -4*h + 3, -5*t - 3 = -8. Suppose 0 = i + h + 3. Let f(b) = -4*b + 7*b + 6 - 3. Calculate f(i).
-9
Let j(f) = -f**3. Let p(u) = u**3 + u**2 + u + 2. Let r(v) = -2*j(v) - p(v). Suppose -4*d + d - 3 = -i, -12 = 3*d - 4*i. Determine r(d).
-2
Let l(w) = 7*w**2 - w. Let k(y) = 6*y**2 - y. Let v(x) = -x**3 + 3*x**2 + 3*x - 2. Let m be v(4). Let s = m + 4. Let i(f) = s*l(f) + 3*k(f). What is i(-1)?
5
Let b(k) be the first derivative of 2/3*k**3 + 0*k - 1/2*k**4 - 3 + 1/2*k**2. Determine b(2).
-6
Let x(t) = 11 - 2*t + 3*t + 8 - 7. What is x(-6)?
6
Let p(q) = -q**3 + 5*q**2 + 6*q - 4. Let u(o) = o**3 + 3*o**2 - 4*o + 6. Let s be u(-4). Calculate p(s).
-4
Let m(s) = 3*s + 5. Let j(f) = -13*f - 19. Let n(v) = 2*j(v) + 9*m(v). Let o be n(-9). Let r(b) = 2*b**2 + 3*b + 2. Determine r(o).
4
Let t(v) = -v + 1 + 4*v - v**3 - 5*v + 2 + 4*v**2. Let x = -2 - -4. Give t(x).
7
Let j be 14*(0 - (-3)/(-6)). Let d(u) = -u**3 - 7*u**2 + u - 4. Calculate d(j).
-11
Let n be -6 - -1*(-2)/(-2). Let a(w) be the first derivative of -3/2*w**2 - 1/3*w**3 - 1 + 6*w. Calculate a(n).
-4
Let c(k) = k**3 - k**2 - k + 5. Suppose 4*t + 4 = 3*p, 5*p + t - 5*t = 4. Let q be c(p). Let v(i) = -i + 1. Calculate v(q).
-4
Let s(a) = 10*a - 10. Let v(f) = -17*f + 19. Let g(z) = -5*s(z) - 3*v(z). Let p = 4 + 2. What is g(p)?
-1
Suppose 3 = x, 0*k - k = -5*x + 12. Let g(a) = 3*a + k*a - 2*a - 4. Calculate g(3).
8
Let a = -7 - -1. Let f(m) = m**3 + 6*m**2 + 2. What is f(a)?
2
Let x(m) = m + 3. Let j(z) be the third derivative of -z**4/12 - z**3 + 5*z**2. Let h(d) = 6*j(d) + 14*x(d). Let u be ((-10)/8)/((-2)/(-8)). What is h(u)?
-4
Let n(y) be the second derivative of y**4/12 + y**3 + 5*y**2/2 + 4*y. Give n(-6).
5
Let u(j) = 6*j**3 - 2*j**2 - 4*j - 1. Let k(v) = v**3 - v**2 - v. Let l(x) = -5*k(x) + u(x). What is l(-3)?
-4
Let b(v) = v**2 - 12*v - 1. Let u be b(12). Let s be (1 + u + -3)*-1. Let h(q) = q**3 - 3*q**2 - 2*q + 2. Give h(s).
-4
Let r(y) be the second derivative of -y**7/840 + y**6/72 - y**5/40 + y**4/12 + y**3/6 + y. Let u(s) be the second derivative of r(s). What is u(4)?
6
Suppose 2*y = -0*y. Let z(n) be the third derivative of -n**2 + 1/12*n**4 + y*n**3 + 0*n + 0. Determine z(1).
2
Suppose 0*w = 3*w - 18. Let p(u) = -u + 6. Determine p(w).
0
Let k(z) = z**3 - 14*z**2 - 16*z + 8. Let o be k(15). Let i(b) = -b - 2. Give i(o).
5
Let t(u) = 8*u**2 + 8*u + 3. Let q(z) = -7*z**2 - 8*z - 3. Let g(m) = -7*q(m) - 6*t(m). Let y(w) = -w**2 - 9*w - 3. Let o(i) = -7*g(i) - 6*y(i). What is o(-2)?
-3
Let n(v) be the third derivative of 0 - 2/3*v**3 + 1/8*v**4 + 1/120*v**6 + 0*v - v**2 - 1/15*v**5. Calculate n(3).
-4
Suppose 6*l - 3*u + 9 = 4*l, 0 = -5*u + 15. Let c(y) = 4*y + 3. Let p(n) = 5*n + 4. Let z be (3/9)/((-2)/18). Let r(b) = z*p(b) + 4*c(b). Determine r(l).
0
Suppose 4*b = -2*m + 14, 7*m = 3*b + 8*m - 11. Let a(c) = c**3 - 3*c**2 - 3*c + 1. Give a(b).
5
Let t(i) be the second derivative of -i**4/12 + 2*i**3/3 - 3*i**2/2 + 5*i. Give t(4).
-3
Suppose -4*z - 8 = m - 0, 5*m = -5*z - 10. Let h(o) = -o**2 + o - 1. What is h(m)?
-1
Suppose 2*v - 1 - 3 = 0. Let n(u) = -3*u - 2*u**2 - v*u**2 + 3*u**2 + 1. Calculate n(-4).
-3
Let k(b) be the first derivative of 3*b**2/2 - b + 3. Give k(-5).
-16
Let t(x) be the second derivative of -x**6/120 + x**5/20 - x**4/12 - x**3/6 - 3*x**2 - 4*x. Let d(m) be the first derivative of t(m). Calculate d(3).
-7
Suppose 5*s + 0*s - 10 = 0. Suppose 0*t + 2 = t. Let z(f) = 3*f + 0*f**2 - t*f**2 - 4*f. Determine z(s).
-10
Let i(f) = -f**3 + f**2 + f - 1. Let k be (4 + -1)*(-2)/3. Determine i(k).
9
Let h(y) = 8*y - 1. Let w be h(2). Suppose 5*b = -w - 5. Let j(o) = -o - 2. Determine j(b)